 2*i - 610, -1494 = -4*x + 2*i. Suppose 24*f - x = 19*f. What are the prime factors of f?
3, 5
Let z(k) be the third derivative of k**5/30 - k**4/24 + 121*k**3/6 - 14*k**2. List the prime factors of z(0).
11
Let i = -23 - -6. Let n = i + 19. Suppose z + 109 = 2*f, f + n = -3*z + 60. List the prime factors of f.
5, 11
Suppose 2*m + 4*o - 726 = 0, 2*m - 3*o + o - 726 = 0. List the prime factors of m.
3, 11
Let t = 17 + -20. Let c be t/(-5)*145/1. Let h = -17 + c. List the prime factors of h.
2, 5, 7
Let r = 1397 + 1045. What are the prime factors of r?
2, 3, 11, 37
Suppose 0 = 8*p - 85 + 5. Let j = p - -73. List the prime factors of j.
83
Suppose -24 - 66 = 3*v. List the prime factors of ((-3)/2)/(9/v)*17.
5, 17
Let v = 27 - -35. Let u = v - -4. What are the prime factors of u?
2, 3, 11
Let w(l) = -2*l**3 - l**2 + 9*l - 13. Let v be w(-5). Let r = v - 108. What are the prime factors of r?
59
Suppose -t - 5*t = -4*t. Suppose 4*h + 6*h - 670 = t. List the prime factors of h.
67
Let y = 82 - 78. Suppose 673 = y*n - 103. What are the prime factors of n?
2, 97
Suppose -3*m = 2*m. Suppose m*w - 70 = -5*w. What are the prime factors of w?
2, 7
Let r = -13 - -17. Suppose -5*s + t - r*t = -422, 86 = s - t. List the prime factors of s.
5, 17
Suppose 319 = -3*s + 14*s. What are the prime factors of s?
29
Suppose 0 = h - 2*r - 158, -3*h + 161 = -2*h - 3*r. Suppose z = -3*k + 94, -4*k + z + 3*z + h = 0. What are the prime factors of k?
3, 11
Let u(a) = -a**3 - 10*a**2 + 7*a + 4. Let k = -21 + 20. Let b be (-14 - k) + 16/8. List the prime factors of u(b).
2, 3
Let x(m) = m**2 - 2. Let w = 5 - 9. Let q be x(w). List the prime factors of 368/q + 28/(-98).
2, 13
Suppose -4*j + 326 + 482 = 4*g, -2*g - 6 = 0. What are the prime factors of j?
5, 41
Suppose 732 + 1123 = i. List the prime factors of i.
5, 7, 53
Suppose n - 5*v = -n - 28, 0 = 3*v. Let w = 18 - n. What are the prime factors of w?
2
Let n(d) = -3*d + 6. Let k be n(-9). What are the prime factors of 9*2*k*4/24?
3, 11
Let t = 118 + -115. Let g = 43 + 7. Suppose -t*x - 2*x + g = 0. List the prime factors of x.
2, 5
List the prime factors of (208/6)/(43/645).
2, 5, 13
Suppose -3*o + 12 = 0, -l = 45*o - 40*o - 674. List the prime factors of l.
2, 3, 109
Let c(l) = -92*l + 120. List the prime factors of c(-7).
2, 191
Suppose -4*x + 50 = 2*y, x - 3 = -2*y + 2. Suppose 3*l - x - 24 = 0. What are the prime factors of l?
13
Let n be ((-6)/(-9))/(2/261). Suppose -3*c + 69 = -n. What are the prime factors of c?
2, 13
Let i = 39 + -39. Let m(a) = -6*a + 34. List the prime factors of m(i).
2, 17
Suppose -106*v = -67*v - 76752. What are the prime factors of v?
2, 3, 41
Let l(m) = -m**2 + 13*m - 4. Let f be l(13). What are the prime factors of 3 + 5*(f - -3) + 8?
2, 3
Suppose -3*k = 101 - 20. Let b = k + 9. What are the prime factors of -3*(-2)/(-4)*b?
3
Let a be -5 + 1 + (-4 - -6). Let y be (3/(-5))/(a/10). Suppose -80 = -y*k - k. List the prime factors of k.
2, 5
Let z = 131 + -56. Suppose -z = 3*a - 354. List the prime factors of a.
3, 31
Suppose 3*z = 103 + 383. Let d = z - 82. What are the prime factors of d?
2, 5
Let o(u) = -u**2 - 17*u + 6. Let s be 35/4 - 2/(-8). Suppose -3*l - 45 + s = 0. List the prime factors of o(l).
2, 3, 11
Let n be (-1 - 28/(-20))*5. List the prime factors of n/(-4) + 545/10.
2, 3
Let w be (-40)/6*12/(-10). Let s = -2 + w. Suppose 0 = -3*b - s + 105. What are the prime factors of b?
3, 11
Let r = 53 + -38. Suppose d - 4*t = -5*t + 8, 5*d - 3*t = 0. Suppose -r = -s + 3*c, -c - d*c = 2*s - 80. List the prime factors of s.
2, 3, 5
Let r(i) = -43*i - 12. What are the prime factors of r(-2)?
2, 37
Let h(a) = -a + 18. Let v be h(8). Suppose -4*w + v + 26 = 0. Suppose -g + 33 + w = 0. What are the prime factors of g?
2, 3, 7
Let k = -1643 + 3524. List the prime factors of k.
3, 11, 19
Suppose 5*l - 15 + 5 = -a, -15 = 3*a. Suppose -l*u = -12, 15 = -4*g - 5*u + 223. List the prime factors of g.
47
Let x be (-9)/(-6) + 12/8. Suppose -x*v + 165 = 2*v. List the prime factors of 2/6 + 550/v.
17
Suppose -3*s - 34 = 3*d - 106, 4*d = -3*s + 71. Suppose -72 = -2*w + 2*a - 400, 5*a - s = 0. Let o = -110 - w. What are the prime factors of o?
7
Let h(z) = z**2 - 6*z - 37. Let v be h(10). Suppose 2*b - 39 = 3*f, -4*f - 76 = -7*b + v*b. What are the prime factors of b?
2, 3
Suppose -6*g = -4*g. Suppose 0 = -2*u + u + 3*m + 200, g = -2*u - 4*m + 350. What are the prime factors of u?
5, 37
Let l(x) = -24*x. Let p be l(-1). Let o be 6/p + (-33)/(-12). Suppose -o*y + 3 = -3. What are the prime factors of y?
2
Let w(c) = -c + 607. What are the prime factors of w(0)?
607
Suppose -c = -4*t - 6523 + 30821, -30365 = -5*t + 5*c. What are the prime factors of t?
3, 5
Suppose 6*a = 12*a - 384. Suppose 2*k = -14*k + a. List the prime factors of k.
2
Let l = -13 + 18. Let b = l - 25. Let j = b + 25. What are the prime factors of j?
5
Let a = 6043 - 1712. What are the prime factors of a?
61, 71
Let f(a) = -19*a - 8. List the prime factors of f(-7).
5
Suppose 3*v = -2*y + 4466, 13*v = 2*y + 11*v - 4466. What are the prime factors of y?
7, 11, 29
Let f be 2/(0 - (-4)/4). Let t be -3 + f - (-15)/1. Suppose -17*m + t*m = -84. List the prime factors of m.
2, 7
Let l(a) = 63*a**2 + 13*a - 24. What are the prime factors of l(2)?
2, 127
What are the prime factors of -4 + -2 - 1598/(-2)?
13, 61
Let q(l) = 106*l + 50. List the prime factors of q(4).
2, 3, 79
Let j = 705 + -415. What are the prime factors of j?
2, 5, 29
Let d be (2 + 32/(-12))*-3. Suppose 17 = -d*z + 3*z. Suppose -2*r + z = -f, r - 7*f + 2*f = 4. List the prime factors of r.
3
Let q = 30 + -42. What are the prime factors of 90 - 5/((-15)/q)?
2, 43
Let q = -1337 + 1525. What are the prime factors of q?
2, 47
Suppose -5*j = 5*a - 0*j + 40, 0 = 3*a - j + 4. Let q(r) = -r**3 - 2*r**2 + 3*r + 4. What are the prime factors of q(a)?
2
Suppose -4*j + 0*l = -5*l - 19594, -10 = 5*l. What are the prime factors of j?
2, 3, 17
Let l(i) = -5*i + 2 + 331*i**2 - i - 314*i**2. List the prime factors of l(2).
2, 29
Suppose -5*t = -2*g + 27, 0 = -0*g + g - t - 6. Suppose -4 = -j - g. What are the prime factors of j?
3
Let w = -12 - -15. Let b(s) = 5*s**2 - 2*s - 1. What are the prime factors of b(w)?
2, 19
Suppose 0 = -2*c + 13*c - 187. What are the prime factors of c?
17
Let j(q) = 242*q - 2. What are the prime factors of j(3)?
2, 181
Suppose -2*x + a + 574 = 0, -49*x - 4*a = -44*x - 1461. List the prime factors of x.
17
Let j = 40 - 32. List the prime factors of 254/(-12)*(j - 14).
127
Let u(s) = 21*s**3 + 6*s**2 - s - 11. List the prime factors of u(4).
3, 5, 19
Let i(g) = -4*g**2 - 13*g - 5. Let h(l) = l**2 + l - 1. Let n(p) = 6*h(p) + i(p). List the prime factors of n(-5).
2, 37
Suppose -37 = -2*t + 3*j, -t = 2*t + 4*j - 47. Suppose -10*f = -t*f + 1008. What are the prime factors of f?
2, 3
Let f(v) = 3*v - 14. Let y(t) = t. Let a(l) = -f(l) - 3*y(l). What are the prime factors of a(-4)?
2, 19
Let o(s) = s - 1. Suppose 17*a = 15*a + 2. Let q(w) = 9*w - 3. Let k(d) = a*q(d) - 4*o(d). List the prime factors of k(1).
2, 3
Suppose 35 = l + 2*p, 3*l + p - 1 - 94 = 0. Let j = -22 + l. Let h(d) = d**2 - 3*d - 1. What are the prime factors of h(j)?
53
Let o = 333 + -158. Suppose o = -3*d + 529. What are the prime factors of d?
2, 59
Let d(f) = f**3 + 9*f**2 - 10*f + 6. Let k be d(-10). Suppose 0 = 2*x - 2*q + 18, x - q + 5*q - k = 0. List the prime factors of -1*3/x*58.
29
Let j = -165 - -518. Let r = j + -248. What are the prime factors of r?
3, 5, 7
Let f(j) = 252*j**2 - 8*j - 2. List the prime factors of f(-2).
2, 7, 73
Suppose -16*c = -20457 - 43079. What are the prime factors of c?
11, 19
Let z be 1/(1/(-2)*(-4)/20). Suppose 8 + 532 = z*d. What are the prime factors of d?
2, 3
Let j be 0 - 3 - (-24 + 19). Suppose 2*b + f - 59 = 0, -j*b + 4*f + 69 = -5. What are the prime factors of b?
31
Let x(f) = f**2 + 21*f + 10. Let p be x(-15). List the prime factors of (p/15)/(6/(-9)).
2
Let y be (-2 - 6/(-2))*3. Suppose -l + 4*t - y*t = 24, -t = 4. Let h = l + 39. What are the prime factors of h?
11
Suppose 2*v - 3*p - 3*p - 818 = 0, -3*p + 791 = 2*v. List the prime factors of v.
2, 5
Suppose -z = -292 - 137. Let x = z + -290. List the prime factors of x.
139
Let i = -711 + 1085. List the 